)?
7
Let l(f) be the second derivative of -3/2*f**2 - 1/12*f**4 - f - 5/6*f**3 + 0. Suppose -12 = q + 3*q. Give l(q).
3
Let g(k) = -1 + 2*k**2 - 2*k**2 + 4*k**2 - 3*k**2 - 5*k. What is g(6)?
5
Suppose 14 + 2 = 2*m + 3*b, -3*m = 5*b - 26. Let r(d) = m*d - d - 3*d. Give r(-3).
6
Let d(g) = g - 3. Let r be d(5). Let a(w) be the second derivative of -w**5/20 - w**4/12 + w**3/2 - 3*w**2/2 + 2*w. Calculate a(r).
-9
Let i(m) be the first derivative of -m**2/2 + m - 13. Suppose -5*k + 6*k - 7 = 2*b, -5*k = 4*b + 21. Calculate i(b).
5
Let w(m) be the first derivative of -4 + 2*m + 1/2*m**2. What is w(-2)?
0
Let q(l) = -l**3 + 2*l**2 + 2*l + 1. Let m(f) = -f**3 + f + 1. Let z(h) = 3*m(h) - q(h). Let c = -8 + 11. Suppose -c = 3*o + 3. What is z(o)?
8
Let d = 67 - 73. Let y(b) = -b**2 - 4*b + 6. What is y(d)?
-6
Let v be (-20)/(-18)*(-15)/(-25). Let t(w) be the third derivative of -1/120*w**6 + 3*w**2 + 1/20*w**5 + 0*w + v*w**3 + 0 + 1/6*w**4. Determine t(4).
4
Suppose 2*z - 20 = -5*k, -5*z + 16 = 4*k - 17. Let x(f) = 11*f - 11. Let i(t) = 7*t - 7. Let h(v) = -8*i(v) + 5*x(v). Calculate h(k).
-1
Let i(b) = -4*b - 4. Let j(c) = -5*c - 3. Let x(g) = 3*i(g) - 2*j(g). Calculate x(-6).
6
Let c(o) be the second derivative of o**7/2520 + o**6/180 - o**5/24 + o**4/12 + 6*o. Let m(n) be the third derivative of c(n). Determine m(-4).
-5
Suppose -40 = -2*l + l. Suppose -5*t = 25, -6*i + i - 4*t = l. Let o(q) = q**3 + 5*q**2 + 4*q. What is o(i)?
0
Let i(j) = j**3 - 6*j**2 - 2*j + 6. Let p = 0 - 18. Let d = 24 + p. Determine i(d).
-6
Let t(a) = -2*a - 1. Let v(z) = -z**3 + 3*z**2 + 4*z. Let b be v(4). Suppose b = -3*r, 1 = -2*y + 4*r - 3. What is t(y)?
3
Suppose 4*v - 3 = 5*t, -4*t + t = 4*v - 11. Let g(x) = 8*x**3 + x**2 + x - 1. Determine g(t).
9
Let z(t) = 4*t**2 - 4*t + 2. Let o(q) = q**2 + q. Let l be o(-2). What is z(l)?
10
Let k be 0/(1/(2 + -3)). Suppose -3 = -3*s - k. Let r(q) = 2*q**2 - 2*q + 1. Determine r(s).
1
Let w(z) = -z**2 - 16*z + 0*z**2 + 7*z + 2*z - 1. Suppose -5*i - 22 = 2*d, -5*i = 2*d - 5*d - 8. Give w(d).
5
Let z = -3 + 4. Let f(c) = -z - 1 + c**2 + 0 - 4*c. Give f(3).
-5
Let s(m) = 4*m**2 + 8 - 9 + 0*m**2. Give s(-1).
3
Let a be (30/35)/(2/14). Let f(b) be the first derivative of b**2/2 - 8*b + 2. Determine f(a).
-2
Let r(g) be the second derivative of -g**5/20 + 2*g**4/3 - 7*g**3/6 + 3*g**2/2 - 21*g. Suppose 5*v + 21 = 3*b, 0*b - 4*v = 2*b - 14. Give r(b).
3
Let w(j) = -j**3 + j**2 - j + 1. Let u = 3 + -1. Suppose -10 = 5*v + 6*o - u*o, 3*v - 16 = 2*o. Give w(v).
-5
Let f(r) = -r**3 + r**2 - r - 1. Let s(b) be the second derivative of -b**5/5 + 2*b**4/3 - b**3/3 - 3*b. Let h(i) = 3*f(i) - s(i). Calculate h(5).
-8
Let o(b) = 5*b**3 - b**2 - 3*b + 6. Let w(u) be the second derivative of -11*u**5/20 + u**4/6 + u**3 - 13*u**2/2 + 3*u. Let m(a) = 9*o(a) + 4*w(a). Give m(3).
11
Let h(b) = -4*b + 2. Let d(r) = r. Let n(q) = 3*d(q) + h(q). Calculate n(-3).
5
Let q(v) be the third derivative of v**5/60 - v**4/3 + v**3 + 8*v**2. Calculate q(6).
-6
Let k be ((-24)/15)/(2/(-5)). Let f(w) = 4 + w + k + 4. Determine f(0).
12
Let b(n) be the first derivative of 2*n**3/3 + n**2 - 2*n + 4. Let p(v) be the first derivative of b(v). Determine p(2).
10
Let p(n) = 5*n + 6. Let i(h) = 13*h + 33. Let x(z) = 7*z + 16. Let l(v) = -4*i(v) + 9*x(v). Let a(q) = 2*l(q) - 5*p(q). Suppose 5*j = -5 - 20. Give a(j).
9
Let h(t) = 2*t**2. Let v be h(-1). Let m(y) = v*y**2 - 4*y - 3*y**2 + 6*y. Let r(b) = -b**2 + 7*b - 4. Let a be r(6). What is m(a)?
0
Suppose -3*k = 1 - 19. Let m(t) = t**3 - 5*t**2 - 8*t + 5. Calculate m(k).
-7
Let u(s) = -s**2 - 5 + 0*s**2 - s - 3*s. Determine u(-5).
-10
Let r(h) be the first derivative of -h**2 - h - 1. Let t = 17 - 14. Calculate r(t).
-7
Suppose -11*a = -10*a - 3. Let q(u) be the second derivative of a*u**2 + 0 + 1/3*u**3 - u. Calculate q(-5).
-4
Let v(i) = -i**3 - i**2 - 4. Let k be -1 + 2 + 3 - 4. Calculate v(k).
-4
Let z = -10 + 12. Let i(n) = 3*n**3 - 5*n**2 + 2*n. Let k(l) = -15*l**2 + 3*l + 2*l + 9*l**3 + l**3 + 1. Let h(r) = z*k(r) - 7*i(r). What is h(3)?
8
Suppose 15 = -4*f + 9*f, -5*f + 15 = -5*w. Let v(p) = -p**3 - p**2 - p + 6. Give v(w).
6
Let l(b) = -9*b - 1. Suppose n - v - 4 = -0, 3*n + 2*v = 7. Let t be n/(-7) - 28/49. Calculate l(t).
8
Let g(f) = 8*f - 4. Let d(b) = -7*b + 7. Let w(x) = -6*x + 8. Let o(a) = -3*d(a) + 2*w(a). Let l(q) = 5*g(q) - 4*o(q). Give l(3).
12
Let o(y) be the first derivative of -y**2/2 + 3*y + 6. Let w = -1 + 6. Suppose -l = -5*r + 4*l - 5, -w*l = 5*r + 25. Calculate o(r).
6
Let c(d) = d**3 - d**2 + d + 1. Let y = -5 + 7. What is c(y)?
7
Let r be ((-12)/42)/1 + (-2)/(-7). Let j(w) = w**3 + w**2 - 11. Give j(r).
-11
Let n(l) = -3*l**3 + 3*l**2 - 12. Let k(b) = -b**3 + 3*b**3 + 8 + 0*b**3 - 2*b**2. Let i(p) = 8*k(p) + 5*n(p). Calculate i(0).
4
Let q(h) be the first derivative of 2*h**3 - h**2/2 - 44. Determine q(-1).
7
Suppose -3 = -m + 1. Let h(c) = 2 + m*c - c + 2*c - c**2 + 4. Let n = 16 + -11. Determine h(n).
6
Let l(i) = 10*i**2 + 4 - 11*i**2 - 6 - 5*i. Suppose -27 = 2*u - 113. Suppose 2*v + 20 = -4*h, 5*h - 8 + u = -5*v. Determine l(v).
2
Let w(c) = -c**2 - 3*c + 7. Let l be (1 + 1)/(1/1). Suppose -t - 3 = l*t. Let z be (20/12)/(t/3). Give w(z).
-3
Suppose 5 - 4 = h. Let a(m) = -18*m**3 - m. Determine a(h).
-19
Let d(t) = -13*t + 1. Let k(x) = 13*x - 1. Let r(a) = -3*d(a) - 4*k(a). Suppose -2*j + 2 = -2*s, -4*s + 3*s = -3*j + 3. Let m = j - 0. Calculate r(m).
-12
Let a(i) = -2*i - 9. Let q be (-320)/56 - (-4)/(-14). Determine a(q).
3
Suppose -6 = 5*y - 4*g, y - g = -3*y + 4. Let f(q) = 5 - q**y + 0 - 2 - q - 3*q. Calculate f(-6).
-9
Suppose -4*k = 5*q + 168, 8*k - 12 = 4*k. Let l be q/(-20) + (-2)/(-10). Let a(v) = -7*v + 5. Let i(f) = f - 1. Let u(h) = a(h) + 6*i(h). Determine u(l).
-3
Let k(s) be the third derivative of 3*s**2 + 0 - 1/6*s**3 - 1/24*s**4 + 0*s. Give k(0).
-1
Let b(u) = u + 9. Let v be b(-4). Let n(h) = -h**2 + 5*h + 6. Give n(v).
6
Let n(a) = -a**3 + 6*a**2 - 4*a + 4. Suppose 2*r - 2*q = 6, 3*r - 14 = r - 2*q. What is n(r)?
9
Let q(t) = -t**2 + t + 4. Suppose 55 = -5*b + 5*m, -9 = 3*b - 4*m + 20. Let g be 5/(b/(-18)) - 3. Calculate q(g).
-2
Let n(p) = p**2 + 2*p + 2. Let j be (-56)/(-10) + 4/10. Let l(y) = y**3 - 6*y**2 + 4*y - 6. Let w be l(j). Let b be 4/16 + w/(-8). What is n(b)?
2
Let h(d) = -d**2 - 5*d. Let o = -19 - -14. What is h(o)?
0
Let l(d) = -1838 + 1837 - d - 2*d. What is l(-3)?
8
Let x(v) be the first derivative of 0*v - 1/2*v**2 + 2/3*v**3 - 3. What is x(-2)?
10
Let o(t) = -t - 6. Suppose -y - 20 = 4*s, -5*y + 2 = 2*s + 12. Determine o(y).
-6
Let y(l) be the second derivative of l**4/12 + l**3/3 + l. Give y(-2).
0
Let i(b) = b**2 - 2*b + 1. Let c be i(1). Suppose 3*k = -c*k. Let n(u) = u**3 + u**2 - u + 4. What is n(k)?
4
Suppose 3*g - 16 = -g. Let d(j) = j + 5. Let r(o) = o + 4. Let u(a) = -4*d(a) + 5*r(a). Determine u(g).
4
Let s(z) be the first derivative of 3*z**4/4 + z + 33. Calculate s(-2).
-23
Let s(c) = 9*c**3 - 5*c**2 + 3*c - 1. Let v(a) = -9*a**3 + 4*a**2 - 2*a + 1. Let f(b) = -3*s(b) - 4*v(b). Give f(-1).
-10
Let c(m) = -5 + 0*m - m + 4. Let u be 14/4 + 2/(-4). Calculate c(u).
-4
Suppose 10 = -3*w - 5. Let a = w - -12. Let d(l) = l**3 - 7*l**2 - 2*l + 10. Give d(a).
-4
Let t(b) = -3*b**2 + b**3 - 4 + 2*b - b - 3*b. Let y(h) = h**3 - 3*h**2 - 3*h. Let k(r) = r + 13. Let m be k(-9). Let f be y(m). Give t(f).
4
Let m(a) = -7*a + 1. Let z = 0 - 0. Let f = -1 + z. What is m(f)?
8
Let k(v) = 6*v - 5. Let h(t) = t**2 - 1. Let l(j) = h(j) - k(j). Give l(5).
-1
Let t(f) be the third derivative of f**6/120 - f**5/60 + f**3/6 + 3*f**2. Suppose 0 = -4*j + 4, 3*j + 1 = 2*r + 2. What is t(r)?
1
Let n(z) be the first derivative of z**3/3 + 2*z**2 + 9*z + 3. Determine n(-6).
21
Let w(h) = -h**3 + 4*h**2 - h + 1. Let q(k) = k + 1. Let t be 5/3 + (-8)/(-24). Let x be q(t). What is w(x)?
7
Let f(p) be the first derivative of p**2/2 + 5*p - 1. Suppose 3*j - 4*x + 0*x = 37, 5*j = 3*x + 47. Suppose 2*v - j - 3 = 0. Calculate f(v).
10
Let v(f) = -f**2 - 5*f + 7. Let s be v(-6). Suppose 3*y = y + 8. Let g(u) = -2 + y*u - s + 2 + 2. Calculate g(-2).
-7
Let i(p) be the first derivative of -2*p**3 + p**2 - p + 1. Let o be -3 - (1 + -3 + 1). Let q = o - -3. What is i(q)?
-5
L